{"id":7558,"date":"2022-05-19T14:22:06","date_gmt":"2022-05-19T18:22:06","guid":{"rendered":"https:\/\/www.drfranklinpena.com\/?page_id=7558"},"modified":"2023-10-25T09:39:21","modified_gmt":"2023-10-25T13:39:21","slug":"customer-service","status":"publish","type":"page","link":"https:\/\/www.drfranklinpena.com\/mywp\/en\/dr-franklin-pena-en\/customer-service\/","title":{"rendered":"Customer Service"},"content":{"rendered":"<div class=\"wpb-content-wrapper\"><p>[vc_row full_width=\u00bbstretch_row_content_no_spaces\u00bb equal_height=\u00bbyes\u00bb content_placement=\u00bbmiddle\u00bb css=\u00bb.vc_custom_1651088462491{margin-bottom: 0px !important;padding-top: 0px !important;padding-right: 0px !important;padding-bottom: 0px !important;padding-left: 0px !important;background-color: #ffffff !important;}\u00bb][vc_column css_animation=\u00bbfadeIn\u00bb width=\u00bb7\/12&#8243; css=\u00bb.vc_custom_1652973673606{margin-bottom: 0px !important;background-image: url(https:\/\/www.drfranklinpena.com\/mywp\/wp-content\/uploads\/2022\/05\/equipo-servico-al-cliente.jpg?id=7527) !important;background-position: center !important;background-repeat: no-repeat !important;background-size: cover !important;}\u00bb offset=\u00bbvc_hidden-sm vc_hidden-xs\u00bb][vc_empty_space height=\u00bb60vh\u00bb][\/vc_column][vc_column css=\u00bb.vc_custom_1651088417702{margin-bottom: 0px !important;padding-top: 10% !important;padding-right: 10% !important;padding-bottom: 10% !important;padding-left: 10% !important;}\u00bb offset=\u00bbvc_col-lg-4 vc_col-md-5&#8243;][vc_column_text css_animation=\u00bbfadeInUp\u00bb el_class=\u00bbvc_hidden-lg vc_hidden-md\u00bb]<img data-recalc-dims=\"1\" loading=\"lazy\" decoding=\"async\" class=\"alignnone size-full wp-image-7527\" src=\"https:\/\/i0.wp.com\/www.drfranklinpena.com\/mywp\/wp-content\/uploads\/2022\/05\/equipo-servico-al-cliente.jpg?resize=1200%2C600&#038;ssl=1\" alt=\"\" width=\"1200\" height=\"600\" srcset=\"https:\/\/i0.wp.com\/www.drfranklinpena.com\/mywp\/wp-content\/uploads\/2022\/05\/equipo-servico-al-cliente.jpg?w=1200&amp;ssl=1 1200w, https:\/\/i0.wp.com\/www.drfranklinpena.com\/mywp\/wp-content\/uploads\/2022\/05\/equipo-servico-al-cliente.jpg?resize=300%2C150&amp;ssl=1 300w, https:\/\/i0.wp.com\/www.drfranklinpena.com\/mywp\/wp-content\/uploads\/2022\/05\/equipo-servico-al-cliente.jpg?resize=1024%2C512&amp;ssl=1 1024w, https:\/\/i0.wp.com\/www.drfranklinpena.com\/mywp\/wp-content\/uploads\/2022\/05\/equipo-servico-al-cliente.jpg?resize=768%2C384&amp;ssl=1 768w, https:\/\/i0.wp.com\/www.drfranklinpena.com\/mywp\/wp-content\/uploads\/2022\/05\/equipo-servico-al-cliente.jpg?resize=260%2C130&amp;ssl=1 260w, https:\/\/i0.wp.com\/www.drfranklinpena.com\/mywp\/wp-content\/uploads\/2022\/05\/equipo-servico-al-cliente.jpg?resize=50%2C25&amp;ssl=1 50w, https:\/\/i0.wp.com\/www.drfranklinpena.com\/mywp\/wp-content\/uploads\/2022\/05\/equipo-servico-al-cliente.jpg?resize=150%2C75&amp;ssl=1 150w\" sizes=\"auto, (max-width:767px) 480px, (max-width:1200px) 100vw, 1200px\" \/>[\/vc_column_text][vc_custom_heading text=\u00bbATTENTION AND SPECIAL CARE\u00bb font_container=\u00bbtag:h6|font_size:0.933rem|text_align:left|color:%23e80e97|line_height:1.2em\u00bb google_fonts=\u00bbfont_family:Ubuntu%3A300%2C300italic%2Cregular%2Citalic%2C500%2C500italic%2C700%2C700italic|font_style:400%20regular%3A400%3Anormal\u00bb css_animation=\u00bbleft-to-right\u00bb][vc_custom_heading text=\u00bbCUSTOMER SERVICE\u00bb font_container=\u00bbtag:h3|font_size:2.2rem|text_align:left|color:%235ca9dd|line_height:1.2em\u00bb google_fonts=\u00bbfont_family:Ubuntu%3A300%2C300italic%2Cregular%2Citalic%2C500%2C500italic%2C700%2C700italic|font_style:400%20regular%3A400%3Anormal\u00bb css_animation=\u00bbleft-to-right\u00bb][vc_separator color=\u00bbcustom\u00bb align=\u00bbalign_left\u00bb border_width=\u00bb2&#8243; el_width=\u00bb30&#8243; css_animation=\u00bbfadeInLeft\u00bb accent_color=\u00bb#e80e97&#8243; css=\u00bb.vc_custom_1519313005174{margin-bottom: 35px !important;}\u00bb][vc_column_text css_animation=\u00bbfadeInUp\u00bb css=\u00bb.vc_custom_1652984397326{margin-bottom: 10px !important;}\u00bb]<em><strong>Dr Franklin Pe\u00f1a&#8217;s customer service team focuses its efforts on generating an excellent experience for our patients in a dynamic and proactive way<\/strong><\/em><\/p>\n<p>The <strong>Lic. Jazm\u00edn D\u00edaz<\/strong> is in charge of being the face to the client in our Santo Domingo office with a strategic and operational role, helping our patients to plan their procedures throughout the process. <strong>Scarlet de la Rosa<\/strong> is our administrative assistant and manager of the San Pedro de Macor\u00eds office, providing advice to our patients from abroad (bilingual) ensuring exceptional support throughout their stay.[\/vc_column_text][\/vc_column][\/vc_row][vc_row full_width=\u00bbstretch_row\u00bb css=\u00bb.vc_custom_1652970346669{padding-top: 60px !important;padding-bottom: 60px !important;}\u00bb el_id=\u00bbservicio-cliente\u00bb][vc_column css_animation=\u00bbbottom-to-top\u00bb][vc_row_inner equal_height=\u00bbyes\u00bb css=\u00bb.vc_custom_1599225399445{margin-bottom: 0px !important;}\u00bb][vc_column_inner width=\u00bb1\/3&#8243; css=\u00bb.vc_custom_1663101247262{margin-bottom: 0px !important;}\u00bb]<div class=\"team team_vertical\"><div class=\"image_frame photo no_link scale-with-grid\"><div class=\"image_wrapper\"><img class=\"scale-with-grid mfn-lazy\" data-src=\"https:\/\/i0.wp.com\/www.drfranklinpena.com\/mywp\/wp-content\/uploads\/2023\/10\/jazmin.jpg?fit=600%2C800&#038;ssl=1\" alt=\"Customer Service\" width=\"\" height=\"\"\/><\/div><\/div><div class=\"desc_wrapper clearfix\"><h4 class=\"desc_wrappper_title \">Lic. Jazm\u00edn D\u00edaz<\/h4><p class=\"subtitle\">Administrative assistant (Santo Domingo)<\/p><hr class=\"hr_color\" \/><div class=\"desc\"><a href=\"mailto:jazmin@drfranklinpena.com\">jazmin@drfranklinpena.com<\/a><\/div><\/div><\/div>\n[\/vc_column_inner][vc_column_inner width=\u00bb1\/3&#8243; css=\u00bb.vc_custom_1663101255313{margin-bottom: 0px !important;}\u00bb]<div class=\"team team_vertical\"><div class=\"image_frame photo no_link scale-with-grid\"><div class=\"image_wrapper\"><img class=\"scale-with-grid mfn-lazy\" data-src=\"https:\/\/i0.wp.com\/www.drfranklinpena.com\/mywp\/wp-content\/uploads\/2023\/10\/Yoelisa-Feliz.jpg?fit=600%2C800&#038;ssl=1\" alt=\"Customer Service\" width=\"\" height=\"\"\/><\/div><\/div><div class=\"desc_wrapper clearfix\"><h4 class=\"desc_wrappper_title \">Lic. Yoelisa Feliz<\/h4><p class=\"subtitle\">Administrative assistant (San Pedro de M.)<\/p><hr class=\"hr_color\" \/><div class=\"desc\"><a href=\"mailto:yoelisa@drfranklinpena.com\">yoelisa@drfranklinpena.com<\/a><\/div><\/div><\/div>\n[\/vc_column_inner][vc_column_inner width=\u00bb1\/3&#8243; css=\u00bb.vc_custom_1663101267453{margin-bottom: 0px !important;}\u00bb]<div class=\"team team_vertical\"><div class=\"image_frame photo no_link scale-with-grid\"><div class=\"image_wrapper\"><img class=\"scale-with-grid mfn-lazy\" data-src=\"https:\/\/i0.wp.com\/www.drfranklinpena.com\/mywp\/wp-content\/uploads\/2022\/05\/Lucy-Benzo-Asistencia-digital.jpg?fit=600%2C800&#038;ssl=1\" alt=\"Customer Service\" width=\"\" height=\"\"\/><\/div><\/div><div class=\"desc_wrapper clearfix\"><h4 class=\"desc_wrappper_title \">Lucy Benzo<\/h4><p class=\"subtitle\">Digital assistant<\/p><hr class=\"hr_color\" \/><div class=\"desc\"><a href=\"mailto:lucy@drfranklinpena.com\">lucy@drfranklinpena.com<\/a><\/div><\/div><\/div>\n[\/vc_column_inner][\/vc_row_inner][\/vc_column][\/vc_row][vc_row full_width=\u00bbstretch_row_content_no_spaces\u00bb equal_height=\u00bbyes\u00bb content_placement=\u00bbmiddle\u00bb css=\u00bb.vc_custom_1647526175173{margin-bottom: 0px !important;padding-top: 0px !important;padding-bottom: 0px !important;}\u00bb][vc_column css=\u00bb.vc_custom_1647526152147{margin-bottom: 0px !important;padding-top: 10% !important;padding-right: 10% !important;padding-bottom: 10% !important;padding-left: 10% !important;}\u00bb offset=\u00bbvc_col-lg-offset-1 vc_col-lg-5 vc_col-md-6&#8243;][vc_column_text css_animation=\u00bbfadeInUp\u00bb el_class=\u00bbvc_hidden-lg vc_hidden-md\u00bb]<img data-recalc-dims=\"1\" loading=\"lazy\" decoding=\"async\" class=\"alignnone wp-image-7537 size-full\" src=\"https:\/\/i0.wp.com\/www.drfranklinpena.com\/mywp\/wp-content\/uploads\/2022\/05\/equipo-de-marketing.jpg?resize=1200%2C800&#038;ssl=1\" alt=\"\" width=\"1200\" height=\"800\" srcset=\"https:\/\/i0.wp.com\/www.drfranklinpena.com\/mywp\/wp-content\/uploads\/2022\/05\/equipo-de-marketing.jpg?w=1200&amp;ssl=1 1200w, https:\/\/i0.wp.com\/www.drfranklinpena.com\/mywp\/wp-content\/uploads\/2022\/05\/equipo-de-marketing.jpg?resize=300%2C200&amp;ssl=1 300w, https:\/\/i0.wp.com\/www.drfranklinpena.com\/mywp\/wp-content\/uploads\/2022\/05\/equipo-de-marketing.jpg?resize=1024%2C683&amp;ssl=1 1024w, https:\/\/i0.wp.com\/www.drfranklinpena.com\/mywp\/wp-content\/uploads\/2022\/05\/equipo-de-marketing.jpg?resize=768%2C512&amp;ssl=1 768w, https:\/\/i0.wp.com\/www.drfranklinpena.com\/mywp\/wp-content\/uploads\/2022\/05\/equipo-de-marketing.jpg?resize=219%2C146&amp;ssl=1 219w, https:\/\/i0.wp.com\/www.drfranklinpena.com\/mywp\/wp-content\/uploads\/2022\/05\/equipo-de-marketing.jpg?resize=50%2C33&amp;ssl=1 50w, https:\/\/i0.wp.com\/www.drfranklinpena.com\/mywp\/wp-content\/uploads\/2022\/05\/equipo-de-marketing.jpg?resize=113%2C75&amp;ssl=1 113w\" sizes=\"auto, (max-width:767px) 480px, (max-width:1200px) 100vw, 1200px\" \/>[\/vc_column_text][vc_custom_heading text=\u00bbTEAM\u00bb font_container=\u00bbtag:h6|font_size:0.933rem|text_align:left|color:%23e80e97|line_height:1.2em\u00bb google_fonts=\u00bbfont_family:Ubuntu%3A300%2C300italic%2Cregular%2Citalic%2C500%2C500italic%2C700%2C700italic|font_style:400%20regular%3A400%3Anormal\u00bb css_animation=\u00bbleft-to-right\u00bb][vc_custom_heading text=\u00bbMARKETING\u00bb font_container=\u00bbtag:h3|font_size:2.2rem|text_align:left|color:%235ca9dd|line_height:1.2em\u00bb google_fonts=\u00bbfont_family:Ubuntu%3A300%2C300italic%2Cregular%2Citalic%2C500%2C500italic%2C700%2C700italic|font_style:400%20regular%3A400%3Anormal\u00bb css_animation=\u00bbleft-to-right\u00bb][vc_separator color=\u00bbcustom\u00bb align=\u00bbalign_left\u00bb border_width=\u00bb2&#8243; el_width=\u00bb10&#8243; css_animation=\u00bbfadeInLeft\u00bb accent_color=\u00bb#e80e97&#8243; css=\u00bb.vc_custom_1652977251109{margin-bottom: 35px !important;}\u00bb][vc_column_text css_animation=\u00bbfadeInUp\u00bb]<em><strong>It is not the individual who makes successful companies, but their teams<\/strong><\/em><\/p>\n<p>At Dr. Franklin Pe\u00f1a we are committed to teamwork as a fundamental principle to achieve success in our communication strategies.<\/p>\n<p>We have important professionals in all areas of advertising and communication that help us meet our goals. Focused on maintaining exceptional customer service across all communication channels for our brand.[\/vc_column_text][\/vc_column][vc_column css_animation=\u00bbfadeInRight\u00bb offset=\u00bbvc_col-md-6&#8243; css=\u00bb.vc_custom_1652976402184{margin-bottom: 0px !important;padding-top: 0px !important;padding-right: 0px !important;padding-bottom: 0px !important;padding-left: 0px !important;background-image: url(https:\/\/www.drfranklinpena.com\/mywp\/wp-content\/uploads\/2022\/05\/equipo-de-marketing.jpg?id=7537) !important;background-position: center !important;background-repeat: no-repeat !important;background-size: cover !important;}\u00bb][\/vc_column][\/vc_row]<\/p>\n<\/div>","protected":false},"excerpt":{"rendered":"<p><span class=\"excerpt-hellip\"> [\u2026]<\/span><\/p>\n","protected":false},"author":1,"featured_media":0,"parent":1604,"menu_order":0,"comment_status":"closed","ping_status":"closed","template":"","meta":{"content-type":"","footnotes":""},"class_list":["post-7558","page","type-page","status-publish","hentry"],"yoast_head":"<!-- This site is optimized with the Yoast SEO plugin v27.2 - https:\/\/yoast.com\/product\/yoast-seo-wordpress\/ -->\n<title>Customer Service - Dr. Franklin Pe\u00f1a<\/title>\n<meta name=\"robots\" content=\"index, follow, max-snippet:-1, max-image-preview:large, max-video-preview:-1\" \/>\n<link rel=\"canonical\" href=\"https:\/\/www.drfranklinpena.com\/mywp\/en\/dr-franklin-pena-en\/customer-service\/\" \/>\n<meta property=\"og:locale\" content=\"es_ES\" \/>\n<meta property=\"og:type\" content=\"article\" \/>\n<meta property=\"og:title\" content=\"Customer Service - Dr. Franklin Pe\u00f1a\" \/>\n<meta property=\"og:description\" content=\"[\u2026]\" \/>\n<meta property=\"og:url\" content=\"https:\/\/www.drfranklinpena.com\/mywp\/en\/dr-franklin-pena-en\/customer-service\/\" \/>\n<meta property=\"og:site_name\" content=\"Dr. Franklin Pe\u00f1a\" \/>\n<meta property=\"article:publisher\" content=\"https:\/\/www.facebook.com\/drfranklinpena\" \/>\n<meta property=\"article:modified_time\" content=\"2023-10-25T13:39:21+00:00\" \/>\n<meta property=\"og:image\" content=\"https:\/\/www.drfranklinpena.com\/mywp\/wp-content\/uploads\/2022\/05\/equipo-servico-al-cliente.jpg\" \/>\n<meta name=\"twitter:card\" content=\"summary_large_image\" \/>\n<meta name=\"twitter:site\" content=\"@Dr_FranklinPena\" \/>\n<meta name=\"twitter:label1\" content=\"Tiempo de lectura\" \/>\n\t<meta name=\"twitter:data1\" content=\"2 minutos\" \/>\n<script type=\"application\/ld+json\" class=\"yoast-schema-graph\">{\"@context\":\"https:\/\/schema.org\",\"@graph\":[{\"@type\":\"WebPage\",\"@id\":\"https:\/\/www.drfranklinpena.com\/mywp\/en\/dr-franklin-pena-en\/customer-service\/\",\"url\":\"https:\/\/www.drfranklinpena.com\/mywp\/en\/dr-franklin-pena-en\/customer-service\/\",\"name\":\"Customer Service - Dr. Franklin Pe\u00f1a\",\"isPartOf\":{\"@id\":\"https:\/\/www.drfranklinpena.com\/mywp\/#website\"},\"primaryImageOfPage\":{\"@id\":\"https:\/\/www.drfranklinpena.com\/mywp\/en\/dr-franklin-pena-en\/customer-service\/#primaryimage\"},\"image\":{\"@id\":\"https:\/\/www.drfranklinpena.com\/mywp\/en\/dr-franklin-pena-en\/customer-service\/#primaryimage\"},\"thumbnailUrl\":\"https:\/\/www.drfranklinpena.com\/mywp\/wp-content\/uploads\/2022\/05\/equipo-servico-al-cliente.jpg\",\"datePublished\":\"2022-05-19T18:22:06+00:00\",\"dateModified\":\"2023-10-25T13:39:21+00:00\",\"breadcrumb\":{\"@id\":\"https:\/\/www.drfranklinpena.com\/mywp\/en\/dr-franklin-pena-en\/customer-service\/#breadcrumb\"},\"inLanguage\":\"es\",\"potentialAction\":[{\"@type\":\"ReadAction\",\"target\":[\"https:\/\/www.drfranklinpena.com\/mywp\/en\/dr-franklin-pena-en\/customer-service\/\"]}]},{\"@type\":\"ImageObject\",\"inLanguage\":\"es\",\"@id\":\"https:\/\/www.drfranklinpena.com\/mywp\/en\/dr-franklin-pena-en\/customer-service\/#primaryimage\",\"url\":\"https:\/\/i0.wp.com\/www.drfranklinpena.com\/mywp\/wp-content\/uploads\/2022\/05\/equipo-servico-al-cliente.jpg?fit=1200%2C600&ssl=1\",\"contentUrl\":\"https:\/\/i0.wp.com\/www.drfranklinpena.com\/mywp\/wp-content\/uploads\/2022\/05\/equipo-servico-al-cliente.jpg?fit=1200%2C600&ssl=1\",\"width\":1200,\"height\":600},{\"@type\":\"BreadcrumbList\",\"@id\":\"https:\/\/www.drfranklinpena.com\/mywp\/en\/dr-franklin-pena-en\/customer-service\/#breadcrumb\",\"itemListElement\":[{\"@type\":\"ListItem\",\"position\":1,\"name\":\"Portada\",\"item\":\"https:\/\/www.drfranklinpena.com\/\"},{\"@type\":\"ListItem\",\"position\":2,\"name\":\"Dr. Franklin Pe\u00f1a\",\"item\":\"https:\/\/www.drfranklinpena.com\/mywp\/en\/dr-franklin-pena-en\/\"},{\"@type\":\"ListItem\",\"position\":3,\"name\":\"Customer Service\"}]},{\"@type\":\"WebSite\",\"@id\":\"https:\/\/www.drfranklinpena.com\/mywp\/#website\",\"url\":\"https:\/\/www.drfranklinpena.com\/mywp\/\",\"name\":\"Dr. Franklin Pe\u00f1a\",\"description\":\"Cirug\u00eda Pl\u00e1stica, Est\u00e9tica y Reconstructiva | Resultados que cambian tu vida\",\"publisher\":{\"@id\":\"https:\/\/www.drfranklinpena.com\/mywp\/#organization\"},\"potentialAction\":[{\"@type\":\"SearchAction\",\"target\":{\"@type\":\"EntryPoint\",\"urlTemplate\":\"https:\/\/www.drfranklinpena.com\/mywp\/?s={search_term_string}\"},\"query-input\":{\"@type\":\"PropertyValueSpecification\",\"valueRequired\":true,\"valueName\":\"search_term_string\"}}],\"inLanguage\":\"es\"},{\"@type\":\"Organization\",\"@id\":\"https:\/\/www.drfranklinpena.com\/mywp\/#organization\",\"name\":\"Dr. Franklin Pe\u00f1a\",\"url\":\"https:\/\/www.drfranklinpena.com\/mywp\/\",\"logo\":{\"@type\":\"ImageObject\",\"inLanguage\":\"es\",\"@id\":\"https:\/\/www.drfranklinpena.com\/mywp\/#\/schema\/logo\/image\/\",\"url\":\"https:\/\/i0.wp.com\/www.drfranklinpena.com\/mywp\/wp-content\/uploads\/2021\/01\/ogimage2021.png?fit=640%2C369&ssl=1\",\"contentUrl\":\"https:\/\/i0.wp.com\/www.drfranklinpena.com\/mywp\/wp-content\/uploads\/2021\/01\/ogimage2021.png?fit=640%2C369&ssl=1\",\"width\":640,\"height\":369,\"caption\":\"Dr. Franklin Pe\u00f1a\"},\"image\":{\"@id\":\"https:\/\/www.drfranklinpena.com\/mywp\/#\/schema\/logo\/image\/\"},\"sameAs\":[\"https:\/\/www.facebook.com\/drfranklinpena\",\"https:\/\/x.com\/Dr_FranklinPena\",\"http:\/\/instagram.com\/drfranklinpena\/\",\"https:\/\/www.linkedin.com\/in\/franklin-pe\u00f1a-9b75a6141\/\",\"http:\/\/www.youtube.com\/user\/drfranklinpena\"]}]}<\/script>\n<!-- \/ Yoast SEO plugin. -->","yoast_head_json":{"title":"Customer Service - Dr. Franklin Pe\u00f1a","robots":{"index":"index","follow":"follow","max-snippet":"max-snippet:-1","max-image-preview":"max-image-preview:large","max-video-preview":"max-video-preview:-1"},"canonical":"https:\/\/www.drfranklinpena.com\/mywp\/en\/dr-franklin-pena-en\/customer-service\/","og_locale":"es_ES","og_type":"article","og_title":"Customer Service - Dr. Franklin Pe\u00f1a","og_description":"[\u2026]","og_url":"https:\/\/www.drfranklinpena.com\/mywp\/en\/dr-franklin-pena-en\/customer-service\/","og_site_name":"Dr. Franklin Pe\u00f1a","article_publisher":"https:\/\/www.facebook.com\/drfranklinpena","article_modified_time":"2023-10-25T13:39:21+00:00","og_image":[{"url":"https:\/\/www.drfranklinpena.com\/mywp\/wp-content\/uploads\/2022\/05\/equipo-servico-al-cliente.jpg","type":"","width":"","height":""}],"twitter_card":"summary_large_image","twitter_site":"@Dr_FranklinPena","twitter_misc":{"Tiempo de lectura":"2 minutos"},"schema":{"@context":"https:\/\/schema.org","@graph":[{"@type":"WebPage","@id":"https:\/\/www.drfranklinpena.com\/mywp\/en\/dr-franklin-pena-en\/customer-service\/","url":"https:\/\/www.drfranklinpena.com\/mywp\/en\/dr-franklin-pena-en\/customer-service\/","name":"Customer Service - Dr. Franklin Pe\u00f1a","isPartOf":{"@id":"https:\/\/www.drfranklinpena.com\/mywp\/#website"},"primaryImageOfPage":{"@id":"https:\/\/www.drfranklinpena.com\/mywp\/en\/dr-franklin-pena-en\/customer-service\/#primaryimage"},"image":{"@id":"https:\/\/www.drfranklinpena.com\/mywp\/en\/dr-franklin-pena-en\/customer-service\/#primaryimage"},"thumbnailUrl":"https:\/\/www.drfranklinpena.com\/mywp\/wp-content\/uploads\/2022\/05\/equipo-servico-al-cliente.jpg","datePublished":"2022-05-19T18:22:06+00:00","dateModified":"2023-10-25T13:39:21+00:00","breadcrumb":{"@id":"https:\/\/www.drfranklinpena.com\/mywp\/en\/dr-franklin-pena-en\/customer-service\/#breadcrumb"},"inLanguage":"es","potentialAction":[{"@type":"ReadAction","target":["https:\/\/www.drfranklinpena.com\/mywp\/en\/dr-franklin-pena-en\/customer-service\/"]}]},{"@type":"ImageObject","inLanguage":"es","@id":"https:\/\/www.drfranklinpena.com\/mywp\/en\/dr-franklin-pena-en\/customer-service\/#primaryimage","url":"https:\/\/i0.wp.com\/www.drfranklinpena.com\/mywp\/wp-content\/uploads\/2022\/05\/equipo-servico-al-cliente.jpg?fit=1200%2C600&ssl=1","contentUrl":"https:\/\/i0.wp.com\/www.drfranklinpena.com\/mywp\/wp-content\/uploads\/2022\/05\/equipo-servico-al-cliente.jpg?fit=1200%2C600&ssl=1","width":1200,"height":600},{"@type":"BreadcrumbList","@id":"https:\/\/www.drfranklinpena.com\/mywp\/en\/dr-franklin-pena-en\/customer-service\/#breadcrumb","itemListElement":[{"@type":"ListItem","position":1,"name":"Portada","item":"https:\/\/www.drfranklinpena.com\/"},{"@type":"ListItem","position":2,"name":"Dr. Franklin Pe\u00f1a","item":"https:\/\/www.drfranklinpena.com\/mywp\/en\/dr-franklin-pena-en\/"},{"@type":"ListItem","position":3,"name":"Customer Service"}]},{"@type":"WebSite","@id":"https:\/\/www.drfranklinpena.com\/mywp\/#website","url":"https:\/\/www.drfranklinpena.com\/mywp\/","name":"Dr. Franklin Pe\u00f1a","description":"Cirug\u00eda Pl\u00e1stica, Est\u00e9tica y Reconstructiva | Resultados que cambian tu vida","publisher":{"@id":"https:\/\/www.drfranklinpena.com\/mywp\/#organization"},"potentialAction":[{"@type":"SearchAction","target":{"@type":"EntryPoint","urlTemplate":"https:\/\/www.drfranklinpena.com\/mywp\/?s={search_term_string}"},"query-input":{"@type":"PropertyValueSpecification","valueRequired":true,"valueName":"search_term_string"}}],"inLanguage":"es"},{"@type":"Organization","@id":"https:\/\/www.drfranklinpena.com\/mywp\/#organization","name":"Dr. Franklin Pe\u00f1a","url":"https:\/\/www.drfranklinpena.com\/mywp\/","logo":{"@type":"ImageObject","inLanguage":"es","@id":"https:\/\/www.drfranklinpena.com\/mywp\/#\/schema\/logo\/image\/","url":"https:\/\/i0.wp.com\/www.drfranklinpena.com\/mywp\/wp-content\/uploads\/2021\/01\/ogimage2021.png?fit=640%2C369&ssl=1","contentUrl":"https:\/\/i0.wp.com\/www.drfranklinpena.com\/mywp\/wp-content\/uploads\/2021\/01\/ogimage2021.png?fit=640%2C369&ssl=1","width":640,"height":369,"caption":"Dr. Franklin Pe\u00f1a"},"image":{"@id":"https:\/\/www.drfranklinpena.com\/mywp\/#\/schema\/logo\/image\/"},"sameAs":["https:\/\/www.facebook.com\/drfranklinpena","https:\/\/x.com\/Dr_FranklinPena","http:\/\/instagram.com\/drfranklinpena\/","https:\/\/www.linkedin.com\/in\/franklin-pe\u00f1a-9b75a6141\/","http:\/\/www.youtube.com\/user\/drfranklinpena"]}]}},"jetpack_sharing_enabled":true,"_links":{"self":[{"href":"https:\/\/www.drfranklinpena.com\/mywp\/wp-json\/wp\/v2\/pages\/7558","targetHints":{"allow":["GET"]}}],"collection":[{"href":"https:\/\/www.drfranklinpena.com\/mywp\/wp-json\/wp\/v2\/pages"}],"about":[{"href":"https:\/\/www.drfranklinpena.com\/mywp\/wp-json\/wp\/v2\/types\/page"}],"author":[{"embeddable":true,"href":"https:\/\/www.drfranklinpena.com\/mywp\/wp-json\/wp\/v2\/users\/1"}],"replies":[{"embeddable":true,"href":"https:\/\/www.drfranklinpena.com\/mywp\/wp-json\/wp\/v2\/comments?post=7558"}],"version-history":[{"count":3,"href":"https:\/\/www.drfranklinpena.com\/mywp\/wp-json\/wp\/v2\/pages\/7558\/revisions"}],"predecessor-version":[{"id":8411,"href":"https:\/\/www.drfranklinpena.com\/mywp\/wp-json\/wp\/v2\/pages\/7558\/revisions\/8411"}],"up":[{"embeddable":true,"href":"https:\/\/www.drfranklinpena.com\/mywp\/wp-json\/wp\/v2\/pages\/1604"}],"wp:attachment":[{"href":"https:\/\/www.drfranklinpena.com\/mywp\/wp-json\/wp\/v2\/media?parent=7558"}],"curies":[{"name":"wp","href":"https:\/\/api.w.org\/{rel}","templated":true}]}}